{"id":9488,"date":"2024-12-31T06:10:10","date_gmt":"2024-12-31T05:10:10","guid":{"rendered":"https:\/\/mosperu.com\/tienda\/product\/multifuncional-de-tinta-epson-ecotank-l3210-imprime-escanea-copia-usb\/"},"modified":"2025-01-25T16:26:00","modified_gmt":"2025-01-25T15:26:00","slug":"multifuncional-de-tinta-epson-ecotank-l3210-imprime-escanea-copia-usb","status":"publish","type":"product","link":"https:\/\/mosperu.com\/tienda\/product\/multifuncional-de-tinta-epson-ecotank-l3210-imprime-escanea-copia-usb\/","title":{"rendered":"Multifuncional de tinta Epson EcoTank L3210, Imprime \/ Escanea \/ Copia \/ USB"},"content":{"rendered":"<table width=\"100%\" cellpadding=\"1\" cellspacing=\"1\" border=\"1\" tbn=\"3\">\n<tbody>\n<tr>\n<td fircol=\"y\" rowspan=\"5\">DESCRIPCION<\/td>\n<td height=\"21\" rowspan=\"1\" style=\"\">TIPO<\/td>\n<td height=\"21\" colspan=\"2\">IMPRESORA MULTIFUNCIONAL<\/td>\n<\/tr>\n<tr>\n<td height=\"21\" rowspan=\"1\" style=\"\">TECNOLOGIA DE IMPRESION&nbsp;&nbsp;<\/td>\n<td height=\"21\" colspan=\"2\">INYECCI\u00d3N DE TINTA<\/td>\n<\/tr>\n<tr>\n<td height=\"21\" rowspan=\"1\" style=\"\">MARCA<\/td>\n<td height=\"21\" colspan=\"2\">EPSON<\/td>\n<\/tr>\n<tr>\n<td height=\"21\" rowspan=\"1\" style=\"\">MODELO<\/td>\n<td height=\"21\" colspan=\"2\">ECOTANK L3210<\/td>\n<\/tr>\n<tr>\n<td height=\"21\" rowspan=\"1\" style=\"\">NUMERO DE PARTE<\/td>\n<td height=\"21\" colspan=\"2\">C11CJ68301<\/td>\n<\/tr>\n<tr>                            <\/tr>\n<tr>\n<td fircol=\"y\" rowspan=\"3\">FUNCIONES<\/td>\n<td height=\"21\" colspan=\"3\" rowspan=\"1\" style=\"\">IMPRESORA<\/td>\n<\/tr>\n<tr>\n<td height=\"21\" colspan=\"3\" rowspan=\"1\" style=\"\">ESCANER<\/td>\n<\/tr>\n<tr>\n<td height=\"21\" colspan=\"3\" rowspan=\"1\" style=\"\">COPIADORA<\/td>\n<\/tr>\n<tr>                            <\/tr>\n<tr>\n<td fircol=\"y\" rowspan=\"2\">ESPECIFICACIONES DE LA IMPRESORA<\/td>\n<td height=\"21\" rowspan=\"1\" style=\"\">RESOLUCION DE IMPRESION<\/td>\n<td height=\"21\" colspan=\"2\" rowspan=\"1\" style=\"\">MAXIMA DE HASTA 5760 x 1440 dpi<\/td>\n<\/tr>\n<tr>\n<td height=\"21\" rowspan=\"1\" style=\"\">VELOCIDAD DE IMPRESION<\/td>\n<td height=\"21\" colspan=\"2\" rowspan=\"1\" style=\"\">MAXIMA DE HASTA:<br \/>NEGRO 33 ppm \/ COLOR 15 ppm (BORRADOR, A4\/CARTA)<br \/>ISO: NEGRO 10 ppm \/ COLOR 5 ppm (A4\/CARTA)<\/td>\n<\/tr>\n<tr>                            <\/tr>\n<tr>\n<td fircol=\"y\" rowspan=\"4\">MANEJO DE PAPEL<\/td>\n<td height=\"21\" rowspan=\"1\" style=\"\">CAPACIDAD DE HOJAS<\/td>\n<td height=\"21\" colspan=\"2\" rowspan=\"1\" style=\"\">ALIMENTACI\u00d3N TRASERA: HASTA 100 HOJAS (A4\/CARTA)<\/td>\n<\/tr>\n<tr>\n<td height=\"21\" rowspan=\"3\" style=\"\">SOPORTE DE PAPEL<\/td>\n<td height=\"21\" rowspan=\"1\" style=\"\">TAMA\u00d1O DE HOJAS<\/td>\n<td height=\"21\" colspan=\"1\">10 x 15 CM (4\u0094 x 6\u0094)<br \/>13 x 18 CM (5\u0094 x 7\u0094)<br \/>A4<br \/>A6<br \/>CARTA<br \/>OFICIO<\/td>\n<\/tr>\n<tr>\n<td height=\"21\" rowspan=\"1\" style=\"\">SOBRES<\/td>\n<td height=\"21\" colspan=\"1\">No. 10<\/td>\n<\/tr>\n<tr>\n<td height=\"21\" colspan=\"2\" rowspan=\"1\" style=\"\">PAPEL NORMAL<br \/>PAPEL ESPECIAL EPSON:<br \/>(PHOTO GLOSSY\/SEMI-GLOSS, PRESENTATION PAPER MATTE, HIGH QUALITY INK JET PAPER Y SOBRES)<\/td>\n<\/tr>\n<tr>                            <\/tr>\n<tr>\n<td fircol=\"y\" rowspan=\"2\">ESPECIFICACIONES DE LA COPIADORA<\/td>\n<td height=\"21\" rowspan=\"1\" style=\"\">RESOLUCION DE COPIADO<\/td>\n<td height=\"21\" colspan=\"2\" rowspan=\"1\" style=\"\">MAXIMA: 600 dpi x 1,200 dpi<\/td>\n<\/tr>\n<tr>\n<td height=\"21\" rowspan=\"1\" style=\"\">VELOCIDAD DE COPIADO<\/td>\n<td height=\"21\" colspan=\"2\" rowspan=\"1\" style=\"\">NEGRO 7 cpm \/ COLOR 1,7 cpm (A4\/CARTA)<\/td>\n<\/tr>\n<tr>                            <\/tr>\n<tr>\n<td fircol=\"y\" rowspan=\"6\">ESPECIFICACIONES DEL ESCANER<\/td>\n<td height=\"21\" rowspan=\"2\" style=\"\">TIPO DE ESCANER<\/td>\n<td height=\"21\" rowspan=\"1\" style=\"\">TECNOLOGIA DE EXPLORACION<\/td>\n<td height=\"21\" colspan=\"1\">SENSOR DE LINEAS DE COLOR (CIS)<\/td>\n<\/tr>\n<tr>\n<td height=\"21\" colspan=\"2\" rowspan=\"1\" style=\"\">SUPERFICIE PLANA<\/td>\n<\/tr>\n<tr>\n<td height=\"21\" rowspan=\"1\" style=\"\">RESOLUCION DE ESCANEO<\/td>\n<td height=\"21\" colspan=\"2\" rowspan=\"1\" style=\"\">OPTICA \/ MAXIMA: 600 dpi x 1.200 dpi<\/td>\n<\/tr>\n<tr>\n<td height=\"21\" rowspan=\"3\" style=\"\">OPCIONES DE ESCANEADO<\/td>\n<td height=\"21\" rowspan=\"1\" style=\"\">PROFUNDIDAD DE BITS<\/td>\n<td height=\"21\" colspan=\"1\">24 BITS<br \/>48 BITS<\/td>\n<\/tr>\n<tr>\n<td height=\"21\" rowspan=\"1\" style=\"\">NIVELES DE ESCALA DE GRISES<\/td>\n<td height=\"21\" colspan=\"1\">16<br \/>8<\/td>\n<\/tr>\n<tr>\n<td height=\"21\" colspan=\"2\" rowspan=\"1\" style=\"\">AREA MAXIMA DE ESCANEO: 216 mm x 297 mm<\/td>\n<\/tr>\n<tr>                            <\/tr>\n<tr>\n<td fircol=\"y\" rowspan=\"1\">CONECTIVIDAD Y COMUNICACION<\/td>\n<td height=\"21\" rowspan=\"1\" style=\"\">INTERFACES<\/td>\n<td height=\"21\" colspan=\"2\" rowspan=\"1\" style=\"\">USB DE ALTA VELOCIDAD (COMPATIBLE CON USB 2.0)<\/td>\n<\/tr>\n<tr>                            <\/tr>\n<tr>\n<td fircol=\"y\" rowspan=\"3\">PLATAFORMAS DE TRABAJO<\/td>\n<td height=\"21\" rowspan=\"1\" style=\"\">WINDOWS<\/td>\n<td height=\"21\" colspan=\"2\">WINDOWS 10<br \/>WINDOWS 11<br \/>WINDOWS 2003 SERVER<br \/>WINDOWS 2008 SERVER<br \/>WINDOWS 2012 SERVER<br \/>WINDOWS 7<br \/>WINDOWS 8<br \/>WINDOWS 8.1<\/td>\n<\/tr>\n<tr>\n<td height=\"21\" rowspan=\"1\" style=\"\">MAC<\/td>\n<td height=\"21\" colspan=\"2\">MAC OS v.10.5 o SUPERIOR<\/td>\n<\/tr>\n<tr>\n<td height=\"21\" colspan=\"3\" rowspan=\"1\" style=\"\">MAC OS X 10.5.8 O M\u00c1S RECIENTE, MACOS 11 O M\u00c1S RECIENTE<\/td>\n<\/tr>\n<tr>                            <\/tr>\n<tr>\n<td fircol=\"y\" rowspan=\"5\">REQUISITOS DE ENERGIA Y OPERACION<\/td>\n<td height=\"21\" rowspan=\"1\" style=\"\">VOLTAJE DE ALIMENTACION<\/td>\n<td height=\"21\" rowspan=\"1\" style=\"\">CONSUMO DE ENERGIA<\/td>\n<td height=\"21\" colspan=\"1\">14 W (EN MODO OPERACION)<\/td>\n<\/tr>\n<tr>\n<td height=\"21\" rowspan=\"3\" style=\"\">DIMENSIONES Y PESO<\/td>\n<td height=\"21\" rowspan=\"1\" style=\"\">ALTO<\/td>\n<td height=\"21\" colspan=\"1\">25.3 CM<\/td>\n<\/tr>\n<tr>\n<td height=\"21\" rowspan=\"1\" style=\"\">ANCHO<\/td>\n<td height=\"21\" colspan=\"1\">37.5 CM<\/td>\n<\/tr>\n<tr>\n<td height=\"21\" rowspan=\"1\" style=\"\">PROFUNDIDAD<\/td>\n<td height=\"21\" colspan=\"1\">57.8 CM<\/td>\n<\/tr>\n<tr>\n<td height=\"21\" rowspan=\"1\" style=\"\">PESO<\/td>\n<td height=\"21\" rowspan=\"1\" style=\"\">PESO<\/td>\n<td height=\"21\" colspan=\"1\">3.9 KG<\/td>\n<\/tr>\n<tr>                            <\/tr>\n<tr>\n<td fircol=\"y\" rowspan=\"1\">CONTENIDO DE LA CAJA<\/td>\n<td height=\"21\" colspan=\"3\" rowspan=\"1\" style=\"\">IMPRESORA EPSON ECOTANK L3210, BOTELLAS DE TINTA DE INICIALIZACION, GU\u00cdA DE INSTALACI\u00d3N, CD CON CONTROLADORES, CABLE DE ALIMENTACI\u00d3N, CABLE USB.<\/td>\n<\/tr>\n<tr>                            <\/tr>\n<tr>\n<td fircol=\"y\" rowspan=\"2\">COMENTARIOS<\/td>\n<td height=\"21\" colspan=\"3\" rowspan=\"1\" style=\"\">SUMINISTROS COMPATIBLES:<\/td>\n<\/tr>\n<tr>\n<td height=\"21\" colspan=\"3\" rowspan=\"1\" style=\"\">BOTELLA TINTA NEGRA T544120-AL<br \/>BOTELLA TINTA CIAN T544220-AL<br \/>BOTELLA TINTA AMARILLA T544320-AL<br \/>BOTELLA TINTA MAGENTA T544420-AL<\/td>\n<\/tr>\n<tr>                            <\/tr>\n<\/tbody>\n<\/table>\n","protected":false},"excerpt":{"rendered":"<p>DESCRIPCION TIPO IMPRESORA MULTIFUNCIONAL TECNOLOGIA DE IMPRESION&nbsp;&nbsp; INYECCI\u00d3N DE TINTA MARCA EPSON MODELO ECOTANK L3210 NUMERO DE PARTE C11CJ68301 FUNCIONES IMPRESORA ESCANER COPIADORA ESPECIFICACIONES DE LA IMPRESORA RESOLUCION DE IMPRESION MAXIMA DE HASTA 5760 x 1440 dpi VELOCIDAD DE IMPRESION MAXIMA DE HASTA:NEGRO 33 ppm \/ COLOR 15 ppm (BORRADOR, A4\/CARTA)ISO: NEGRO 10 ppm \/ &hellip; <a href=\"https:\/\/mosperu.com\/tienda\/product\/multifuncional-de-tinta-epson-ecotank-l3210-imprime-escanea-copia-usb\/\" class=\"more-link\">Continuar leyendo <span class=\"screen-reader-text\">Multifuncional de tinta Epson EcoTank L3210, Imprime \/ Escanea \/ Copia \/ USB<\/span><\/a><\/p>\n","protected":false},"featured_media":9487,"comment_status":"closed","ping_status":"closed","template":"","meta":[],"product_cat":[315],"product_tag":[342],"class_list":{"0":"post-9488","1":"product","2":"type-product","3":"status-publish","4":"has-post-thumbnail","6":"product_cat-accesorios-y-componentes","7":"product_tag-epson","10":"instock","11":"taxable","12":"shipping-taxable","13":"purchasable","14":"product-type-simple"},"_links":{"self":[{"href":"https:\/\/mosperu.com\/tienda\/wp-json\/wp\/v2\/product\/9488","targetHints":{"allow":["GET"]}}],"collection":[{"href":"https:\/\/mosperu.com\/tienda\/wp-json\/wp\/v2\/product"}],"about":[{"href":"https:\/\/mosperu.com\/tienda\/wp-json\/wp\/v2\/types\/product"}],"replies":[{"embeddable":true,"href":"https:\/\/mosperu.com\/tienda\/wp-json\/wp\/v2\/comments?post=9488"}],"version-history":[{"count":1,"href":"https:\/\/mosperu.com\/tienda\/wp-json\/wp\/v2\/product\/9488\/revisions"}],"predecessor-version":[{"id":9748,"href":"https:\/\/mosperu.com\/tienda\/wp-json\/wp\/v2\/product\/9488\/revisions\/9748"}],"wp:featuredmedia":[{"embeddable":true,"href":"https:\/\/mosperu.com\/tienda\/wp-json\/wp\/v2\/media\/9487"}],"wp:attachment":[{"href":"https:\/\/mosperu.com\/tienda\/wp-json\/wp\/v2\/media?parent=9488"}],"wp:term":[{"taxonomy":"product_cat","embeddable":true,"href":"https:\/\/mosperu.com\/tienda\/wp-json\/wp\/v2\/product_cat?post=9488"},{"taxonomy":"product_tag","embeddable":true,"href":"https:\/\/mosperu.com\/tienda\/wp-json\/wp\/v2\/product_tag?post=9488"}],"curies":[{"name":"wp","href":"https:\/\/api.w.org\/{rel}","templated":true}]}}