{"id":3999,"date":"2024-04-25T22:39:27","date_gmt":"2024-04-25T20:39:27","guid":{"rendered":"https:\/\/mosperu.com\/tienda\/?post_type=product&#038;p=3999"},"modified":"2024-12-04T00:24:29","modified_gmt":"2024-12-03T23:24:29","slug":"sensor-de-movimiento-inteligente-para-sistema-seguridad-alarma","status":"publish","type":"product","link":"https:\/\/mosperu.com\/tienda\/product\/sensor-de-movimiento-inteligente-para-sistema-seguridad-alarma\/","title":{"rendered":"Sensor de Movimiento Inteligente para sistema seguridad alarma"},"content":{"rendered":"<p>Con este sensor inteligente podr\u00e1s detectar movimientos cuando intrusos ingresen a tu hogar podr\u00e1 emitir la orden para que se activar las luces o sirenas inteligentes que tengas en tu hogar<\/p>\n<p>Con nuestros sensores y dispositivos inteligente podr\u00e1s tener la seguridad de tu casa en tus manos desde la APP en tu celular.<\/p>\n<p>Una vez que uno de los sensores detecte algo en tu hogar, podr\u00e1 orden autom\u00e1ticamente la activaci\u00f3n sirenas luces aspersores de agua humo y m\u00e1s.<\/p>\n","protected":false},"excerpt":{"rendered":"<p>Con este sensor inteligente podr\u00e1s detectar movimientos cuando intrusos ingresen a tu hogar podr\u00e1 emitir la orden para que se activar las luces o sirenas inteligentes que tengas en tu hogar Con nuestros sensores y dispositivos inteligente podr\u00e1s tener la seguridad de tu casa en tus manos desde la APP en tu celular. Una vez &hellip; <a href=\"https:\/\/mosperu.com\/tienda\/product\/sensor-de-movimiento-inteligente-para-sistema-seguridad-alarma\/\" class=\"more-link\">Continuar leyendo <span class=\"screen-reader-text\">Sensor de Movimiento Inteligente para sistema seguridad alarma<\/span><\/a><\/p>\n","protected":false},"featured_media":9202,"comment_status":"open","ping_status":"closed","template":"","meta":[],"product_cat":[316],"product_tag":[],"class_list":{"0":"post-3999","1":"product","2":"type-product","3":"status-publish","4":"has-post-thumbnail","6":"product_cat-domotica","9":"instock","10":"taxable","11":"shipping-taxable","12":"purchasable","13":"product-type-simple"},"_links":{"self":[{"href":"https:\/\/mosperu.com\/tienda\/wp-json\/wp\/v2\/product\/3999","targetHints":{"allow":["GET"]}}],"collection":[{"href":"https:\/\/mosperu.com\/tienda\/wp-json\/wp\/v2\/product"}],"about":[{"href":"https:\/\/mosperu.com\/tienda\/wp-json\/wp\/v2\/types\/product"}],"replies":[{"embeddable":true,"href":"https:\/\/mosperu.com\/tienda\/wp-json\/wp\/v2\/comments?post=3999"}],"version-history":[{"count":1,"href":"https:\/\/mosperu.com\/tienda\/wp-json\/wp\/v2\/product\/3999\/revisions"}],"predecessor-version":[{"id":8742,"href":"https:\/\/mosperu.com\/tienda\/wp-json\/wp\/v2\/product\/3999\/revisions\/8742"}],"wp:featuredmedia":[{"embeddable":true,"href":"https:\/\/mosperu.com\/tienda\/wp-json\/wp\/v2\/media\/9202"}],"wp:attachment":[{"href":"https:\/\/mosperu.com\/tienda\/wp-json\/wp\/v2\/media?parent=3999"}],"wp:term":[{"taxonomy":"product_cat","embeddable":true,"href":"https:\/\/mosperu.com\/tienda\/wp-json\/wp\/v2\/product_cat?post=3999"},{"taxonomy":"product_tag","embeddable":true,"href":"https:\/\/mosperu.com\/tienda\/wp-json\/wp\/v2\/product_tag?post=3999"}],"curies":[{"name":"wp","href":"https:\/\/api.w.org\/{rel}","templated":true}]}}