{"id":3923,"date":"2024-04-11T23:37:03","date_gmt":"2024-04-11T21:37:03","guid":{"rendered":"https:\/\/mosperu.com\/tienda\/?post_type=product&#038;p=3923"},"modified":"2024-12-04T00:33:45","modified_gmt":"2024-12-03T23:33:45","slug":"kit-alarma-antirrobo-para-casa-o-negocio-inteligente","status":"publish","type":"product","link":"https:\/\/mosperu.com\/tienda\/product\/kit-alarma-antirrobo-para-casa-o-negocio-inteligente\/","title":{"rendered":"Kit Alarma antirrobo para casa o negocio inteligente"},"content":{"rendered":"<p>Si\u00e9ntete seguro con nuestro sistema de control y vigilancia para tu hogar o negocio. Controla todo desde tu celular: activa la sirena y verifica el estado de todos tus sensores.<\/p>\n<p>Incluye:<br \/>\nCentral t\u00e1ctil con bater\u00eda recargable.<br \/>\n2 sensores de movimiento.<br \/>\n2 sensores de puerta.<br \/>\n2 llaves de activaci\u00f3n remota.<br \/>\n2 llaves de activaci\u00f3n de contacto.<br \/>\n1 bocina de alarma.<\/p>\n","protected":false},"excerpt":{"rendered":"<p>Si\u00e9ntete seguro con nuestro sistema de control y vigilancia para tu hogar o negocio. Controla todo desde tu celular: activa la sirena y verifica el estado de todos tus sensores. Incluye: Central t\u00e1ctil con bater\u00eda recargable. 2 sensores de movimiento. 2 sensores de puerta. 2 llaves de activaci\u00f3n remota. 2 llaves de activaci\u00f3n de contacto. &hellip; <a href=\"https:\/\/mosperu.com\/tienda\/product\/kit-alarma-antirrobo-para-casa-o-negocio-inteligente\/\" class=\"more-link\">Continuar leyendo <span class=\"screen-reader-text\">Kit Alarma antirrobo para casa o negocio inteligente<\/span><\/a><\/p>\n","protected":false},"featured_media":9205,"comment_status":"open","ping_status":"closed","template":"","meta":[],"product_cat":[317,316],"product_tag":[],"class_list":{"0":"post-3923","1":"product","2":"type-product","3":"status-publish","4":"has-post-thumbnail","6":"product_cat-camaras-y-seguridad","7":"product_cat-domotica","10":"instock","11":"taxable","12":"shipping-taxable","13":"purchasable","14":"product-type-simple"},"_links":{"self":[{"href":"https:\/\/mosperu.com\/tienda\/wp-json\/wp\/v2\/product\/3923","targetHints":{"allow":["GET"]}}],"collection":[{"href":"https:\/\/mosperu.com\/tienda\/wp-json\/wp\/v2\/product"}],"about":[{"href":"https:\/\/mosperu.com\/tienda\/wp-json\/wp\/v2\/types\/product"}],"replies":[{"embeddable":true,"href":"https:\/\/mosperu.com\/tienda\/wp-json\/wp\/v2\/comments?post=3923"}],"version-history":[{"count":1,"href":"https:\/\/mosperu.com\/tienda\/wp-json\/wp\/v2\/product\/3923\/revisions"}],"predecessor-version":[{"id":8730,"href":"https:\/\/mosperu.com\/tienda\/wp-json\/wp\/v2\/product\/3923\/revisions\/8730"}],"wp:featuredmedia":[{"embeddable":true,"href":"https:\/\/mosperu.com\/tienda\/wp-json\/wp\/v2\/media\/9205"}],"wp:attachment":[{"href":"https:\/\/mosperu.com\/tienda\/wp-json\/wp\/v2\/media?parent=3923"}],"wp:term":[{"taxonomy":"product_cat","embeddable":true,"href":"https:\/\/mosperu.com\/tienda\/wp-json\/wp\/v2\/product_cat?post=3923"},{"taxonomy":"product_tag","embeddable":true,"href":"https:\/\/mosperu.com\/tienda\/wp-json\/wp\/v2\/product_tag?post=3923"}],"curies":[{"name":"wp","href":"https:\/\/api.w.org\/{rel}","templated":true}]}}