{"id":3492,"date":"2024-03-03T03:10:32","date_gmt":"2024-03-03T02:10:32","guid":{"rendered":"https:\/\/mosperu.com\/tienda\/?post_type=product&#038;p=3492"},"modified":"2024-12-04T00:37:14","modified_gmt":"2024-12-03T23:37:14","slug":"switch-hdmi-1-a-4-puertos-bidireccional","status":"publish","type":"product","link":"https:\/\/mosperu.com\/tienda\/product\/switch-hdmi-1-a-4-puertos-bidireccional\/","title":{"rendered":"SWITCH HDMI 1 A 2 PUERTOS BIDIRECCIONAL"},"content":{"rendered":"<p>Ampl\u00eda tu conectividad con nuestro switch HDMI bidireccional de 1 a 2 puertos. Con este dispositivo vers\u00e1til, puedes alternar f\u00e1cilmente entre dos fuentes HDMI hacia un solo monitor o enviar una fuente HDMI a dos pantallas. Ideal para presentaciones, juegos o entretenimiento en el hogar. Compacto y f\u00e1cil de usar, es la soluci\u00f3n perfecta para gestionar tus conexiones HDMI. \u00a1Simplifica tu experiencia multimedia con nuestro switch bidireccional HDMI! \ud83d\udda5\ufe0f\ud83d\udd00\ud83d\udd01 #ConectividadFlexible #SwitchHDMI #Tecnolog\u00edaAdaptable<\/p>\n","protected":false},"excerpt":{"rendered":"<p>Ampl\u00eda tu conectividad con nuestro switch HDMI bidireccional de 1 a 2 puertos. Con este dispositivo vers\u00e1til, puedes alternar f\u00e1cilmente entre dos fuentes HDMI hacia un solo monitor o enviar una fuente HDMI a dos pantallas. Ideal para presentaciones, juegos o entretenimiento en el hogar. Compacto y f\u00e1cil de usar, es la soluci\u00f3n perfecta para &hellip; <a href=\"https:\/\/mosperu.com\/tienda\/product\/switch-hdmi-1-a-4-puertos-bidireccional\/\" class=\"more-link\">Continuar leyendo <span class=\"screen-reader-text\">SWITCH HDMI 1 A 2 PUERTOS BIDIRECCIONAL<\/span><\/a><\/p>\n","protected":false},"featured_media":9152,"comment_status":"open","ping_status":"closed","template":"","meta":[],"product_cat":[322,315],"product_tag":[],"class_list":{"0":"post-3492","1":"product","2":"type-product","3":"status-publish","4":"has-post-thumbnail","6":"product_cat-adaptadores","7":"product_cat-accesorios-y-componentes","10":"instock","11":"taxable","12":"shipping-taxable","13":"purchasable","14":"product-type-simple"},"_links":{"self":[{"href":"https:\/\/mosperu.com\/tienda\/wp-json\/wp\/v2\/product\/3492","targetHints":{"allow":["GET"]}}],"collection":[{"href":"https:\/\/mosperu.com\/tienda\/wp-json\/wp\/v2\/product"}],"about":[{"href":"https:\/\/mosperu.com\/tienda\/wp-json\/wp\/v2\/types\/product"}],"replies":[{"embeddable":true,"href":"https:\/\/mosperu.com\/tienda\/wp-json\/wp\/v2\/comments?post=3492"}],"version-history":[{"count":2,"href":"https:\/\/mosperu.com\/tienda\/wp-json\/wp\/v2\/product\/3492\/revisions"}],"predecessor-version":[{"id":9154,"href":"https:\/\/mosperu.com\/tienda\/wp-json\/wp\/v2\/product\/3492\/revisions\/9154"}],"wp:featuredmedia":[{"embeddable":true,"href":"https:\/\/mosperu.com\/tienda\/wp-json\/wp\/v2\/media\/9152"}],"wp:attachment":[{"href":"https:\/\/mosperu.com\/tienda\/wp-json\/wp\/v2\/media?parent=3492"}],"wp:term":[{"taxonomy":"product_cat","embeddable":true,"href":"https:\/\/mosperu.com\/tienda\/wp-json\/wp\/v2\/product_cat?post=3492"},{"taxonomy":"product_tag","embeddable":true,"href":"https:\/\/mosperu.com\/tienda\/wp-json\/wp\/v2\/product_tag?post=3492"}],"curies":[{"name":"wp","href":"https:\/\/api.w.org\/{rel}","templated":true}]}}