{"id":3453,"date":"2024-03-03T02:07:41","date_gmt":"2024-03-03T01:07:41","guid":{"rendered":"https:\/\/mosperu.com\/tienda\/?post_type=product&#038;p=3453"},"modified":"2024-12-04T00:39:54","modified_gmt":"2024-12-03T23:39:54","slug":"adaptador-mini-displayport-a-vga","status":"publish","type":"product","link":"https:\/\/mosperu.com\/tienda\/product\/adaptador-mini-displayport-a-vga\/","title":{"rendered":"ADAPTADOR MINI DISPLAYPORT A VGA"},"content":{"rendered":"<p>Ampl\u00eda tu conectividad con nuestro adaptador Mini DisplayPort a VGA. Este vers\u00e1til accesorio te permite conectar tu laptop, computadora o dispositivo con Mini DisplayPort a monitores, proyectores o pantallas VGA. Experimenta una calidad de imagen n\u00edtida y una compatibilidad total con una variedad de dispositivos. Ya sea para presentaciones en la oficina, proyecciones en el aula o ampliar tu estaci\u00f3n de trabajo, nuestro adaptador Mini DisplayPort a VGA es la elecci\u00f3n perfecta. Simplifica tus conexiones y aseg\u00farate de que tus dispositivos se conecten sin problemas. \u00a1Cont\u00e1ctanos para obtener m\u00e1s detalles y descubrir nuestras ofertas especiales en adaptadores!<\/p>\n","protected":false},"excerpt":{"rendered":"<p>Ampl\u00eda tu conectividad con nuestro adaptador Mini DisplayPort a VGA. Este vers\u00e1til accesorio te permite conectar tu laptop, computadora o dispositivo con Mini DisplayPort a monitores, proyectores o pantallas VGA. Experimenta una calidad de imagen n\u00edtida y una compatibilidad total con una variedad de dispositivos. Ya sea para presentaciones en la oficina, proyecciones en el &hellip; <a href=\"https:\/\/mosperu.com\/tienda\/product\/adaptador-mini-displayport-a-vga\/\" class=\"more-link\">Continuar leyendo <span class=\"screen-reader-text\">ADAPTADOR MINI DISPLAYPORT A VGA<\/span><\/a><\/p>\n","protected":false},"featured_media":9134,"comment_status":"open","ping_status":"closed","template":"","meta":[],"product_cat":[322,315],"product_tag":[],"class_list":{"0":"post-3453","1":"product","2":"type-product","3":"status-publish","4":"has-post-thumbnail","6":"product_cat-adaptadores","7":"product_cat-accesorios-y-componentes","10":"instock","11":"taxable","12":"shipping-taxable","13":"purchasable","14":"product-type-simple"},"_links":{"self":[{"href":"https:\/\/mosperu.com\/tienda\/wp-json\/wp\/v2\/product\/3453","targetHints":{"allow":["GET"]}}],"collection":[{"href":"https:\/\/mosperu.com\/tienda\/wp-json\/wp\/v2\/product"}],"about":[{"href":"https:\/\/mosperu.com\/tienda\/wp-json\/wp\/v2\/types\/product"}],"replies":[{"embeddable":true,"href":"https:\/\/mosperu.com\/tienda\/wp-json\/wp\/v2\/comments?post=3453"}],"version-history":[{"count":1,"href":"https:\/\/mosperu.com\/tienda\/wp-json\/wp\/v2\/product\/3453\/revisions"}],"predecessor-version":[{"id":8696,"href":"https:\/\/mosperu.com\/tienda\/wp-json\/wp\/v2\/product\/3453\/revisions\/8696"}],"wp:featuredmedia":[{"embeddable":true,"href":"https:\/\/mosperu.com\/tienda\/wp-json\/wp\/v2\/media\/9134"}],"wp:attachment":[{"href":"https:\/\/mosperu.com\/tienda\/wp-json\/wp\/v2\/media?parent=3453"}],"wp:term":[{"taxonomy":"product_cat","embeddable":true,"href":"https:\/\/mosperu.com\/tienda\/wp-json\/wp\/v2\/product_cat?post=3453"},{"taxonomy":"product_tag","embeddable":true,"href":"https:\/\/mosperu.com\/tienda\/wp-json\/wp\/v2\/product_tag?post=3453"}],"curies":[{"name":"wp","href":"https:\/\/api.w.org\/{rel}","templated":true}]}}