{"id":3174,"date":"2024-02-28T06:18:46","date_gmt":"2024-02-28T05:18:46","guid":{"rendered":"https:\/\/mosperu.com\/tienda\/?post_type=product&#038;p=3174"},"modified":"2025-01-25T16:03:11","modified_gmt":"2025-01-25T15:03:11","slug":"impresora-brother-dcp-t820dw","status":"publish","type":"product","link":"https:\/\/mosperu.com\/tienda\/product\/impresora-brother-dcp-t820dw\/","title":{"rendered":"IMPRESORA BROTHER DCP-T820DW"},"content":{"rendered":"<p>La impresora multifuncional Brother DCP-T820DW es la soluci\u00f3n definitiva para tus necesidades de impresi\u00f3n, escaneo y copiado. Equipada con un sistema de tinta continua, te ofrece una impresi\u00f3n econ\u00f3mica y de alta calidad. Su conectividad vers\u00e1til, que incluye USB, Wi-Fi y Ethernet, facilita la impresi\u00f3n desde m\u00faltiples dispositivos y ubicaciones. Adem\u00e1s, con su alimentador autom\u00e1tico de documentos (ADF), el escaneo de documentos multi p\u00e1gina es r\u00e1pido y eficiente. La funci\u00f3n de impresi\u00f3n autom\u00e1tica a doble cara ahorra papel y esfuerzo. La Brother DCP-T820DW es la elecci\u00f3n perfecta para la productividad y la versatilidad en tu hogar u oficina.<\/p>\n","protected":false},"excerpt":{"rendered":"<p>La impresora multifuncional Brother DCP-T820DW es la soluci\u00f3n definitiva para tus necesidades de impresi\u00f3n, escaneo y copiado. Equipada con un sistema de tinta continua, te ofrece una impresi\u00f3n econ\u00f3mica y de alta calidad. Su conectividad vers\u00e1til, que incluye USB, Wi-Fi y Ethernet, facilita la impresi\u00f3n desde m\u00faltiples dispositivos y ubicaciones. Adem\u00e1s, con su alimentador autom\u00e1tico &hellip; <a href=\"https:\/\/mosperu.com\/tienda\/product\/impresora-brother-dcp-t820dw\/\" class=\"more-link\">Continuar leyendo <span class=\"screen-reader-text\">IMPRESORA BROTHER DCP-T820DW<\/span><\/a><\/p>\n","protected":false},"featured_media":9069,"comment_status":"open","ping_status":"closed","template":"","meta":[],"product_cat":[328],"product_tag":[],"class_list":{"0":"post-3174","1":"product","2":"type-product","3":"status-publish","4":"has-post-thumbnail","6":"product_cat-impresoras","9":"instock","10":"taxable","11":"shipping-taxable","12":"purchasable","13":"product-type-simple"},"_links":{"self":[{"href":"https:\/\/mosperu.com\/tienda\/wp-json\/wp\/v2\/product\/3174","targetHints":{"allow":["GET"]}}],"collection":[{"href":"https:\/\/mosperu.com\/tienda\/wp-json\/wp\/v2\/product"}],"about":[{"href":"https:\/\/mosperu.com\/tienda\/wp-json\/wp\/v2\/types\/product"}],"replies":[{"embeddable":true,"href":"https:\/\/mosperu.com\/tienda\/wp-json\/wp\/v2\/comments?post=3174"}],"version-history":[{"count":1,"href":"https:\/\/mosperu.com\/tienda\/wp-json\/wp\/v2\/product\/3174\/revisions"}],"predecessor-version":[{"id":8650,"href":"https:\/\/mosperu.com\/tienda\/wp-json\/wp\/v2\/product\/3174\/revisions\/8650"}],"wp:featuredmedia":[{"embeddable":true,"href":"https:\/\/mosperu.com\/tienda\/wp-json\/wp\/v2\/media\/9069"}],"wp:attachment":[{"href":"https:\/\/mosperu.com\/tienda\/wp-json\/wp\/v2\/media?parent=3174"}],"wp:term":[{"taxonomy":"product_cat","embeddable":true,"href":"https:\/\/mosperu.com\/tienda\/wp-json\/wp\/v2\/product_cat?post=3174"},{"taxonomy":"product_tag","embeddable":true,"href":"https:\/\/mosperu.com\/tienda\/wp-json\/wp\/v2\/product_tag?post=3174"}],"curies":[{"name":"wp","href":"https:\/\/api.w.org\/{rel}","templated":true}]}}