{"id":3013,"date":"2024-02-28T03:06:51","date_gmt":"2024-02-28T02:06:51","guid":{"rendered":"https:\/\/mosperu.com\/tienda\/?post_type=product&#038;p=3013"},"modified":"2025-01-25T16:11:28","modified_gmt":"2025-01-25T15:11:28","slug":"hub-usb-c-red-rj45","status":"publish","type":"product","link":"https:\/\/mosperu.com\/tienda\/product\/hub-usb-c-red-rj45\/","title":{"rendered":"Hub USB C + RED RJ45"},"content":{"rendered":"<p>Potencia tu estaci\u00f3n de trabajo con nuestro Hub USB-C con 3 puertos + Red LAN RJ45. Convierte un solo puerto USB-C en una estaci\u00f3n de trabajo completa. Con\u00e9ctate a la red con velocidad y disfruta de la versatilidad de m\u00faltiples puertos. Simplifica tu vida digital con un solo dispositivo. \ud83d\udcbb\ud83d\udd0c\ud83c\udf10<\/p>\n<p>Adem\u00e1s de lo que has visto, contamos con una amplia variedad de otros productos disponibles. Si tienes algo espec\u00edfico en mente o si deseas explorar m\u00e1s opciones, no dudes en preguntar. Estamos aqu\u00ed para ayudarte a encontrar exactamente lo que necesitas.<\/p>\n","protected":false},"excerpt":{"rendered":"<p>Potencia tu estaci\u00f3n de trabajo con nuestro Hub USB-C con 3 puertos + Red LAN RJ45. Convierte un solo puerto USB-C en una estaci\u00f3n de trabajo completa. Con\u00e9ctate a la red con velocidad y disfruta de la versatilidad de m\u00faltiples puertos. Simplifica tu vida digital con un solo dispositivo. \ud83d\udcbb\ud83d\udd0c\ud83c\udf10 Adem\u00e1s de lo que has &hellip; <a href=\"https:\/\/mosperu.com\/tienda\/product\/hub-usb-c-red-rj45\/\" class=\"more-link\">Continuar leyendo <span class=\"screen-reader-text\">Hub USB C + RED RJ45<\/span><\/a><\/p>\n","protected":false},"featured_media":9036,"comment_status":"open","ping_status":"closed","template":"","meta":[],"product_cat":[322,315],"product_tag":[],"class_list":{"0":"post-3013","1":"product","2":"type-product","3":"status-publish","4":"has-post-thumbnail","6":"product_cat-adaptadores","7":"product_cat-accesorios-y-componentes","10":"instock","11":"taxable","12":"shipping-taxable","13":"purchasable","14":"product-type-simple"},"_links":{"self":[{"href":"https:\/\/mosperu.com\/tienda\/wp-json\/wp\/v2\/product\/3013","targetHints":{"allow":["GET"]}}],"collection":[{"href":"https:\/\/mosperu.com\/tienda\/wp-json\/wp\/v2\/product"}],"about":[{"href":"https:\/\/mosperu.com\/tienda\/wp-json\/wp\/v2\/types\/product"}],"replies":[{"embeddable":true,"href":"https:\/\/mosperu.com\/tienda\/wp-json\/wp\/v2\/comments?post=3013"}],"version-history":[{"count":1,"href":"https:\/\/mosperu.com\/tienda\/wp-json\/wp\/v2\/product\/3013\/revisions"}],"predecessor-version":[{"id":8620,"href":"https:\/\/mosperu.com\/tienda\/wp-json\/wp\/v2\/product\/3013\/revisions\/8620"}],"wp:featuredmedia":[{"embeddable":true,"href":"https:\/\/mosperu.com\/tienda\/wp-json\/wp\/v2\/media\/9036"}],"wp:attachment":[{"href":"https:\/\/mosperu.com\/tienda\/wp-json\/wp\/v2\/media?parent=3013"}],"wp:term":[{"taxonomy":"product_cat","embeddable":true,"href":"https:\/\/mosperu.com\/tienda\/wp-json\/wp\/v2\/product_cat?post=3013"},{"taxonomy":"product_tag","embeddable":true,"href":"https:\/\/mosperu.com\/tienda\/wp-json\/wp\/v2\/product_tag?post=3013"}],"curies":[{"name":"wp","href":"https:\/\/api.w.org\/{rel}","templated":true}]}}