{"id":3002,"date":"2024-02-28T03:02:28","date_gmt":"2024-02-28T02:02:28","guid":{"rendered":"https:\/\/mosperu.com\/tienda\/?post_type=product&#038;p=3002"},"modified":"2025-01-25T16:11:29","modified_gmt":"2025-01-25T15:11:29","slug":"adaptador-wifi-usb-nano","status":"publish","type":"product","link":"https:\/\/mosperu.com\/tienda\/product\/adaptador-wifi-usb-nano\/","title":{"rendered":"ADAPTADOR WIFI USB NANO"},"content":{"rendered":"<p>\u00a1Potencia tu conectividad con nuestro Adaptador Wifi USB Nano! A pesar de su tama\u00f1o compacto, ofrece un rendimiento excepcional. Con\u00e9ctate a Internet de alta velocidad en cualquier lugar y en cualquier momento. La potencia de la conectividad en la palma de tu mano. \ud83d\udce1\ud83d\udcbb<\/p>\n<p>Adem\u00e1s de lo que has visto, contamos con una amplia variedad de otros productos disponibles. Si tienes algo espec\u00edfico en mente o si deseas explorar m\u00e1s opciones, no dudes en preguntar. Estamos aqu\u00ed para ayudarte a encontrar exactamente lo que necesitas.<\/p>\n","protected":false},"excerpt":{"rendered":"<p>\u00a1Potencia tu conectividad con nuestro Adaptador Wifi USB Nano! A pesar de su tama\u00f1o compacto, ofrece un rendimiento excepcional. Con\u00e9ctate a Internet de alta velocidad en cualquier lugar y en cualquier momento. La potencia de la conectividad en la palma de tu mano. \ud83d\udce1\ud83d\udcbb Adem\u00e1s de lo que has visto, contamos con una amplia variedad &hellip; <a href=\"https:\/\/mosperu.com\/tienda\/product\/adaptador-wifi-usb-nano\/\" class=\"more-link\">Continuar leyendo <span class=\"screen-reader-text\">ADAPTADOR WIFI USB NANO<\/span><\/a><\/p>\n","protected":false},"featured_media":9033,"comment_status":"open","ping_status":"closed","template":"","meta":[],"product_cat":[322,315,318],"product_tag":[],"class_list":{"0":"post-3002","1":"product","2":"type-product","3":"status-publish","4":"has-post-thumbnail","6":"product_cat-adaptadores","7":"product_cat-accesorios-y-componentes","8":"product_cat-redes-y-wifi","11":"instock","12":"taxable","13":"shipping-taxable","14":"purchasable","15":"product-type-simple"},"_links":{"self":[{"href":"https:\/\/mosperu.com\/tienda\/wp-json\/wp\/v2\/product\/3002","targetHints":{"allow":["GET"]}}],"collection":[{"href":"https:\/\/mosperu.com\/tienda\/wp-json\/wp\/v2\/product"}],"about":[{"href":"https:\/\/mosperu.com\/tienda\/wp-json\/wp\/v2\/types\/product"}],"replies":[{"embeddable":true,"href":"https:\/\/mosperu.com\/tienda\/wp-json\/wp\/v2\/comments?post=3002"}],"version-history":[{"count":1,"href":"https:\/\/mosperu.com\/tienda\/wp-json\/wp\/v2\/product\/3002\/revisions"}],"predecessor-version":[{"id":8617,"href":"https:\/\/mosperu.com\/tienda\/wp-json\/wp\/v2\/product\/3002\/revisions\/8617"}],"wp:featuredmedia":[{"embeddable":true,"href":"https:\/\/mosperu.com\/tienda\/wp-json\/wp\/v2\/media\/9033"}],"wp:attachment":[{"href":"https:\/\/mosperu.com\/tienda\/wp-json\/wp\/v2\/media?parent=3002"}],"wp:term":[{"taxonomy":"product_cat","embeddable":true,"href":"https:\/\/mosperu.com\/tienda\/wp-json\/wp\/v2\/product_cat?post=3002"},{"taxonomy":"product_tag","embeddable":true,"href":"https:\/\/mosperu.com\/tienda\/wp-json\/wp\/v2\/product_tag?post=3002"}],"curies":[{"name":"wp","href":"https:\/\/api.w.org\/{rel}","templated":true}]}}