{"id":10079,"date":"2025-02-17T17:06:40","date_gmt":"2025-02-17T16:06:40","guid":{"rendered":"https:\/\/mosperu.com\/tienda\/?post_type=product&#038;p=10079"},"modified":"2025-02-17T17:39:09","modified_gmt":"2025-02-17T16:39:09","slug":"soporte-tecnico-para-microsoft-365","status":"publish","type":"product","link":"https:\/\/mosperu.com\/tienda\/product\/soporte-tecnico-para-microsoft-365\/","title":{"rendered":"Soporte T\u00e9cnico para Microsoft 365"},"content":{"rendered":"<p>Este servicio se brinda de forma remota y la atenci\u00f3n es v\u00eda chat.<\/p>\n","protected":false},"excerpt":{"rendered":"<p>Este servicio se brinda de forma remota y la atenci\u00f3n es v\u00eda chat.<\/p>\n","protected":false},"featured_media":10083,"comment_status":"open","ping_status":"closed","template":"","meta":[],"product_cat":[319,320],"product_tag":[],"class_list":{"0":"post-10079","1":"product","2":"type-product","3":"status-publish","4":"has-post-thumbnail","6":"product_cat-servicio-tecnico","7":"product_cat-servicios-tecnico-para-software","10":"instock","11":"taxable","12":"shipping-taxable","13":"purchasable","14":"product-type-variable"},"_links":{"self":[{"href":"https:\/\/mosperu.com\/tienda\/wp-json\/wp\/v2\/product\/10079","targetHints":{"allow":["GET"]}}],"collection":[{"href":"https:\/\/mosperu.com\/tienda\/wp-json\/wp\/v2\/product"}],"about":[{"href":"https:\/\/mosperu.com\/tienda\/wp-json\/wp\/v2\/types\/product"}],"replies":[{"embeddable":true,"href":"https:\/\/mosperu.com\/tienda\/wp-json\/wp\/v2\/comments?post=10079"}],"version-history":[{"count":2,"href":"https:\/\/mosperu.com\/tienda\/wp-json\/wp\/v2\/product\/10079\/revisions"}],"predecessor-version":[{"id":10089,"href":"https:\/\/mosperu.com\/tienda\/wp-json\/wp\/v2\/product\/10079\/revisions\/10089"}],"wp:featuredmedia":[{"embeddable":true,"href":"https:\/\/mosperu.com\/tienda\/wp-json\/wp\/v2\/media\/10083"}],"wp:attachment":[{"href":"https:\/\/mosperu.com\/tienda\/wp-json\/wp\/v2\/media?parent=10079"}],"wp:term":[{"taxonomy":"product_cat","embeddable":true,"href":"https:\/\/mosperu.com\/tienda\/wp-json\/wp\/v2\/product_cat?post=10079"},{"taxonomy":"product_tag","embeddable":true,"href":"https:\/\/mosperu.com\/tienda\/wp-json\/wp\/v2\/product_tag?post=10079"}],"curies":[{"name":"wp","href":"https:\/\/api.w.org\/{rel}","templated":true}]}}