{"id":10029,"date":"2025-02-15T19:20:22","date_gmt":"2025-02-15T18:20:22","guid":{"rendered":"https:\/\/mosperu.com\/tienda\/?post_type=product&#038;p=10029"},"modified":"2025-02-15T19:34:54","modified_gmt":"2025-02-15T18:34:54","slug":"servicio-capacitacion-basica-microsoft-365-para-colaboradores","status":"publish","type":"product","link":"https:\/\/mosperu.com\/tienda\/product\/servicio-capacitacion-basica-microsoft-365-para-colaboradores\/","title":{"rendered":"Servicio Capacitaci\u00f3n B\u00e1sica Microsoft 365 para colaboradores"},"content":{"rendered":"<p>Contenido de la capacitaci\u00f3n:<\/p>\n<ul>\n<li><span data-contrast=\"auto\">Ingreso a plataforma y cambio de contrase\u00f1a<\/span><\/li>\n<li><span data-contrast=\"auto\">Edici\u00f3n de perfil de Usuario<\/span><\/li>\n<li><span data-contrast=\"auto\">Uso de Outlook<\/span><\/li>\n<li><span data-contrast=\"auto\">Uso de buzones de correo compartidos<\/span><\/li>\n<li><span data-contrast=\"auto\">Uso de\u00a0<\/span><span data-contrast=\"auto\">Word, Excel,\u00a0Power\u00a0Point y\u00a0<\/span><span data-contrast=\"auto\">OneNote en l\u00ednea<\/span><\/li>\n<li><span data-contrast=\"auto\">Uso de\u00a0Onedrive\u00a0personal profesional en l\u00ednea<\/span><\/li>\n<li><span data-contrast=\"auto\">Equipos y canales en Microsoft\u00a0Teams<\/span><\/li>\n<li><span data-contrast=\"auto\">Reuniones virtuales en Microsoft\u00a0Teams<\/span><\/li>\n<li><span data-contrast=\"auto\">Asignaci\u00f3n de usuarios y roles a equipos o sitios<\/span><\/li>\n<li><span data-contrast=\"auto\">Mesa de ayuda*<\/span><\/li>\n<\/ul>\n<p>Para 1 colaborador<\/p>\n<p><span data-contrast=\"auto\">Tiempo: Hasta\u00a0<\/span><span data-contrast=\"auto\">3hrs en 2 sesiones.<\/span><\/p>\n<p>&nbsp;<\/p>\n","protected":false},"excerpt":{"rendered":"<p>Contenido de la capacitaci\u00f3n: Ingreso a plataforma y cambio de contrase\u00f1a Edici\u00f3n de perfil de Usuario Uso de Outlook Uso de buzones de correo compartidos Uso de\u00a0Word, Excel,\u00a0Power\u00a0Point y\u00a0OneNote en l\u00ednea Uso de\u00a0Onedrive\u00a0personal profesional en l\u00ednea Equipos y canales en Microsoft\u00a0Teams Reuniones virtuales en Microsoft\u00a0Teams Asignaci\u00f3n de usuarios y roles a equipos o sitios Mesa &hellip; <a href=\"https:\/\/mosperu.com\/tienda\/product\/servicio-capacitacion-basica-microsoft-365-para-colaboradores\/\" class=\"more-link\">Continuar leyendo <span class=\"screen-reader-text\">Servicio Capacitaci\u00f3n B\u00e1sica Microsoft 365 para colaboradores<\/span><\/a><\/p>\n","protected":false},"featured_media":10033,"comment_status":"open","ping_status":"closed","template":"","meta":[],"product_cat":[369],"product_tag":[],"class_list":{"0":"post-10029","1":"product","2":"type-product","3":"status-publish","4":"has-post-thumbnail","6":"product_cat-capacitaciones","9":"instock","10":"virtual","11":"taxable","12":"purchasable","13":"product-type-simple"},"_links":{"self":[{"href":"https:\/\/mosperu.com\/tienda\/wp-json\/wp\/v2\/product\/10029","targetHints":{"allow":["GET"]}}],"collection":[{"href":"https:\/\/mosperu.com\/tienda\/wp-json\/wp\/v2\/product"}],"about":[{"href":"https:\/\/mosperu.com\/tienda\/wp-json\/wp\/v2\/types\/product"}],"replies":[{"embeddable":true,"href":"https:\/\/mosperu.com\/tienda\/wp-json\/wp\/v2\/comments?post=10029"}],"version-history":[{"count":3,"href":"https:\/\/mosperu.com\/tienda\/wp-json\/wp\/v2\/product\/10029\/revisions"}],"predecessor-version":[{"id":10042,"href":"https:\/\/mosperu.com\/tienda\/wp-json\/wp\/v2\/product\/10029\/revisions\/10042"}],"wp:featuredmedia":[{"embeddable":true,"href":"https:\/\/mosperu.com\/tienda\/wp-json\/wp\/v2\/media\/10033"}],"wp:attachment":[{"href":"https:\/\/mosperu.com\/tienda\/wp-json\/wp\/v2\/media?parent=10029"}],"wp:term":[{"taxonomy":"product_cat","embeddable":true,"href":"https:\/\/mosperu.com\/tienda\/wp-json\/wp\/v2\/product_cat?post=10029"},{"taxonomy":"product_tag","embeddable":true,"href":"https:\/\/mosperu.com\/tienda\/wp-json\/wp\/v2\/product_tag?post=10029"}],"curies":[{"name":"wp","href":"https:\/\/api.w.org\/{rel}","templated":true}]}}